{"id":733,"date":"2021-05-10T15:52:17","date_gmt":"2021-05-10T15:52:17","guid":{"rendered":"http:\/\/mersinkulturbalikcilari.org\/?page_id=733"},"modified":"2024-04-26T08:22:18","modified_gmt":"2024-04-26T08:22:18","slug":"duyuru","status":"publish","type":"page","link":"https:\/\/mersinkulturbalikcilari.org\/?page_id=733","title":{"rendered":"Duyurular"},"content":{"rendered":"<div class=\"wpb-content-wrapper\"><p>[vc_row][vc_column][vc_column_text css=&#8221;&#8221;]<\/p>\n<p style=\"text-align: center;\"><strong>MERS\u0130N K\u00dcLT\u00dcR BALIK\u00c7ILARI DERNE\u011e\u0130\u00a0 <\/strong><\/p>\n<p style=\"text-align: center;\"><strong>OLA\u011eAN GENEL KURUL \u0130LANIDIR<\/strong><strong>\u00a0\u00a0\u00a0 <\/strong><\/p>\n<p>Mersin K\u00fclt\u00fcr Bal\u0131k\u00e7\u0131lar\u0131 Derne\u011finin 3.ci Ola\u011fan Genel Kurul toplant\u0131s\u0131 22.05.2024 \u00c7ar\u015famba\u00a0 g\u00fcn\u00fc saat 10:30 da dernek merkezinin bulundu\u011fu\u00a0 Tosmurlu OSB Mah. 1.Cadde D\u0131\u015f kap\u0131 No:5 \u0130\u00e7 kap\u0131 No:Z-1 Oda No: 3\u00a0\u00a0 Silifke\/MERS\u0130N adresindeki binas\u0131nda a\u015fa\u011f\u0131daki g\u00fcndem ile yap\u0131lacakt\u0131r. Bu ilk toplant\u0131da yeterli \u00e7o\u011funluk sa\u011flanamaz ise 2.nci toplant\u0131\u00a0 07.06.2024 Cuma g\u00fcn\u00fc ayn\u0131 yer ve saatte \u00a0yap\u0131lacakt\u0131r.<\/p>\n<p>Say\u0131n \u00dcyelerimize ilanen duyurulur.<\/p>\n<p style=\"text-align: right;\">Y\u00f6netim Kurulu Ad\u0131na<\/p>\n<p style=\"text-align: right;\"><strong>\u00a0 \u00a0 \u00a0 \u00a0 \u00a0 \u00a0 \u00a0 \u00a0 \u00a0 \u00a0 \u00a0 \u00a0 \u00a0 \u00a0 \u00a0 \u00a0 \u00a0 \u00a0 \u00a0 \u00a0 \u00a0 \u00a0 \u00a0 \u00a0 \u00a0 \u00a0 \u00a0 \u00a0 \u00a0 \u00a0 <\/strong>EMRE \u015eEN<\/p>\n<p style=\"text-align: center;\"><strong>G\u00dcNDEM MADDELER\u0130<\/strong><\/p>\n<p>1-A\u00e7\u0131l\u0131\u015f, sayg\u0131 duru\u015fu ve \u0130stiklal Mar\u015f\u0131\u2019n\u0131n okunmas\u0131.<\/p>\n<p>2-Divan Ba\u015fkanl\u0131\u011f\u0131n\u0131n olu\u015fturulmas\u0131,<\/p>\n<p>3- Y\u00f6netim Kurulu ve di\u011fer \u00fcyelerin say\u0131m ve imzalar\u0131n al\u0131nmas\u0131.<\/p>\n<p>4-Y\u00f6netim Kurulu Faaliyet\u00a0 raporunun\u00a0 okunmas\u0131 ve g\u00f6r\u00fc\u015f\u00fclmesi,<\/p>\n<p>5-Denetim Kurulu raporunun okunmas\u0131 ve g\u00f6r\u00fc\u015f\u00fclmesi,<\/p>\n<p>6-Genel Kurul itibariyle kesin hesaplar\u0131n okunmas\u0131 ve g\u00f6r\u00fc\u015f\u00fclmesi,<\/p>\n<p>7-Y\u00f6netim Kurulunun ibra edilmesi,<\/p>\n<p>8-Denetim Kurulunun ibra edilmesi,<\/p>\n<p>9-Hesaplar\u0131n kabul\u00fc ve ibras\u0131,<\/p>\n<p>10-Tahmini b\u00fct\u00e7enin okunarak g\u00f6r\u00fc\u015f\u00fclmesi, kabul\u00fc ve oylanmas\u0131,<\/p>\n<p>11-Y\u00f6netim ve Denetim Kurullar\u0131n\u0131n \u00fcye se\u00e7imi,<\/p>\n<p>12- Dernek t\u00fcz\u00fc\u011f\u00fcnde yap\u0131lacak\u00a0 de\u011fi\u015fiklik ile Derne\u011fin yerinin Mu\u011fla\u2019n\u0131n Milas il\u00e7esine ta\u015f\u0131nmas\u0131 ile ilgili g\u00f6r\u00fc\u015f\u00fclmesi,<\/p>\n<p>13-Dernek Y\u00f6netim ve Denetim Kurullar\u0131n\u0131n kamu g\u00f6revlisi olmayan derne\u011fimiz i\u00e7in \u00e7al\u0131\u015fmalarda bulunan ba\u015fkan ve \u00fcyelerine verilecek \u00fccret ile her t\u00fcrl\u00fc \u00f6denek yolluk ve tazminatlar ile dernek hizmetleri i\u00e7in g\u00f6revlendirilecek \u00fcyelere verilecek\u00a0 g\u00fcndelik, ayl\u0131k\u00a0 ve yolluk miktarlar\u0131n\u0131n belirlenmesinin y\u00f6netim kuruluna b\u0131rak\u0131lmas\u0131n\u0131n oylanmas\u0131,<\/p>\n<p>&nbsp;<\/p>\n<p>14-Derne\u011fimizin Uluslararas\u0131 faaliyetlerde bulunmas\u0131, yurt d\u0131\u015f\u0131ndaki dernek veya kurulu\u015flara \u00fcye olarak kat\u0131lmas\u0131 veya ayr\u0131lmas\u0131, Ulusal ve\/veya Uluslararas\u0131 Proje yapma, uygulama yetkisinin verilmesinin Y\u00f6netim Kuruluna verilmesinin g\u00f6r\u00fc\u015f\u00fclmesi ve oylanmas\u0131,<\/p>\n<p>&nbsp;<\/p>\n<p>15-Y\u00f6netim Kuruluna ta\u015f\u0131nmaz mal sat\u0131n almak, derne\u011fe ait ta\u015f\u0131n\u0131r ve ta\u015f\u0131nmaz mallar\u0131 satmak, bina veya tesis in\u015fa ettirmek, kira s\u00f6zle\u015fmesi yapmak, dernek lehine rehin ipotek veya ayni haklar tesis ettirmek, yetkisinin verilmesi ve oylanmas\u0131na,<\/p>\n<p>&nbsp;<\/p>\n<p>16-\u00dcyelerin g\u00f6r\u00fc\u015flerinin a\u00e7\u0131klanmas\u0131, dilek ve temenniler,<\/p>\n<p>17-Kapan\u0131\u015f.[\/vc_column_text][vc_separator css=&#8221;&#8221;][vc_column_text]<\/p>\n<p style=\"text-align: left;\"><strong>\u00a0<\/strong><\/p>\n<p style=\"text-align: center;\"><strong>\u0130LAN\u00a0 METN\u0130<\/strong><\/p>\n<p style=\"text-align: left;\">Mersin K\u00fclt\u00fcr Bal\u0131k\u00e7\u0131lar\u0131 Derne\u011finin 2.ci Ola\u011fan Genel Kurul toplant\u0131s\u0131 28.05.2021 Cuma g\u00fcn\u00fc saat 10:00 da Silifke Halk E\u011fitim Merkezi Toplant\u0131 salonunda a\u015fa\u011f\u0131daki g\u00fcndem ile yap\u0131lacak olup, \u00e7o\u011funluk sa\u011flanamaz ise 2.nci toplant\u0131 10.06.2021 Per\u015fembe g\u00fcn\u00fc ayn\u0131 yer ve saatte yap\u0131lacakt\u0131r.<\/p>\n<p style=\"text-align: left;\">Say\u0131n \u00fcyelerimize duyurulur.<\/p>\n<p style=\"text-align: center;\"><strong>G\u00dcNDEM MADDELER\u0130<\/strong><\/p>\n<p style=\"text-align: left;\">1-A\u00e7\u0131l\u0131\u015f ve yoklama,<\/p>\n<p style=\"text-align: left;\">2-Sayg\u0131 duru\u015fu ve \u0130stiklal Mar\u015f\u0131\u2019n\u0131n okunmas\u0131,<\/p>\n<p style=\"text-align: left;\">3-Y\u00f6netim Kurulu Faaliyet Raporunun\u00a0 okunmas\u0131 ve g\u00f6r\u00fc\u015f\u00fclmesi,<\/p>\n<p style=\"text-align: left;\">4-Denetim Kurulu raporunun okunmas\u0131 ve g\u00f6r\u00fc\u015f\u00fclmesi,<\/p>\n<p style=\"text-align: left;\">5-Genel Kurul itibariyle kesin hesaplar\u0131n okunmas\u0131 ve g\u00f6r\u00fc\u015f\u00fclmesi,<\/p>\n<p style=\"text-align: left;\">6-Y\u00f6netim Kurulunun aklanmas\u0131na ve oylanmas\u0131na,<\/p>\n<p style=\"text-align: left;\">7-Denetim Kurulunun aklanmas\u0131 ve oylanmas\u0131na,<\/p>\n<p style=\"text-align: left;\">8-Hesaplar\u0131n kabul\u00fc, aklanmas\u0131 ve oylanmas\u0131na,<\/p>\n<p style=\"text-align: left;\">9-Tahmini b\u00fct\u00e7enin okunarak g\u00f6r\u00fc\u015f\u00fclmesi, kabul\u00fc ve oylanmas\u0131na,<\/p>\n<p style=\"text-align: left;\">10-Y\u00f6netim ve Denetim Kurullar\u0131n\u0131n se\u00e7imi,<\/p>\n<p style=\"text-align: left;\">11- Derne\u011fimizin Uluslararas\u0131 faaliyetlerde bulunmas\u0131, yurt d\u0131\u015f\u0131ndaki dernek veya kurulu\u015flara \u00fcye olarak kat\u0131lmas\u0131 veya ayr\u0131lmas\u0131, Ulusal ve\/veya Uluslararas\u0131 Proje yapma, uygulama yetkisinin verilmesinin y\u00f6netim Kuruluna verilmesinin g\u00f6r\u00fc\u015f\u00fclmesi ve oylanmas\u0131,<\/p>\n<p style=\"text-align: left;\">12-Dernek Y\u00f6netim ve Denetim Kurullar\u0131n\u0131n kamu g\u00f6revlisi olmayan ba\u015fkan ve \u00fcyelerine verilecek \u00fccret ile her t\u00fcrl\u00fc \u00f6denek yolluk ve tazminatlar ile dernek hizmetleri i\u00e7in g\u00f6revlendirilecek \u00fcyelere verilecek g\u00fcndelik ve yolluk miktarlar\u0131n\u0131n belirlenmesinin y\u00f6netim kuruluna b\u0131rak\u0131lmas\u0131n\u0131n oylanmas\u0131,<\/p>\n<p style=\"text-align: left;\">13-Y\u00f6netim Kuruluna ta\u015f\u0131nmaz mal sat\u0131n almak, derne\u011fe ait ta\u015f\u0131n\u0131r ve ta\u015f\u0131nmaz mallar\u0131 satmak, bina veya tesis in\u015fa ettirmek, kira s\u00f6zle\u015fmesi yapmak, dernek lehine rehin ipotek veya ayni haklar tesis ettirmek, yetkisinin verilmesi ve oylanmas\u0131na,<\/p>\n<p style=\"text-align: left;\">14- \u00dcyelerin g\u00f6r\u00fc\u015flerinin a\u00e7\u0131klanmas\u0131 ve dilek temenniler,<\/p>\n<p style=\"text-align: left;\">15-Kapan\u0131\u015f.<\/p>\n<p style=\"text-align: left;\">\u00a0\u00a0\u00a0\u00a0\u00a0\u00a0\u00a0\u00a0\u00a0\u00a0\u00a0\u00a0\u00a0\u00a0\u00a0\u00a0\u00a0\u00a0\u00a0\u00a0\u00a0\u00a0\u00a0\u00a0\u00a0\u00a0\u00a0\u00a0\u00a0\u00a0\u00a0\u00a0\u00a0\u00a0\u00a0\u00a0\u00a0\u00a0\u00a0\u00a0\u00a0\u00a0\u00a0\u00a0\u00a0\u00a0\u00a0\u00a0\u00a0\u00a0\u00a0\u00a0\u00a0\u00a0\u00a0\u00a0\u00a0\u00a0\u00a0\u00a0\u00a0\u00a0\u00a0\u00a0\u00a0\u00a0\u00a0\u00a0\u00a0\u00a0\u00a0\u00a0\u00a0\u00a0\u00a0\u00a0\u00a0\u00a0\u00a0\u00a0\u00a0\u00a0\u00a0\u00a0\u00a0\u00a0\u00a0\u00a0\u00a0\u00a0\u00a0\u00a0\u00a0\u00a0\u00a0\u00a0\u00a0\u00a0\u00a0\u00a0\u00a0\u00a0\u00a0\u00a0\u00a0\u00a0 Y\u00f6netim Kurulu<\/p>\n<p>[\/vc_column_text][\/vc_column][\/vc_row]<\/p>\n<\/div>","protected":false},"excerpt":{"rendered":"<p>[vc_row][vc_column][vc_column_text css=&#8221;&#8221;] MERS\u0130N K\u00dcLT\u00dcR BALIK\u00c7ILARI DERNE\u011e\u0130\u00a0 OLA\u011eAN GENEL KURUL \u0130LANIDIR\u00a0\u00a0\u00a0 Mersin K\u00fclt\u00fcr Bal\u0131k\u00e7\u0131lar\u0131 Derne\u011finin 3.ci Ola\u011fan Genel Kurul toplant\u0131s\u0131 22.05.2024 \u00c7ar\u015famba\u00a0 g\u00fcn\u00fc saat 10:30 da dernek merkezinin bulundu\u011fu\u00a0 Tosmurlu OSB Mah. 1.Cadde D\u0131\u015f kap\u0131 No:5 \u0130\u00e7 kap\u0131 No:Z-1 Oda No: 3\u00a0\u00a0 Silifke\/MERS\u0130N adresindeki binas\u0131nda a\u015fa\u011f\u0131daki g\u00fcndem ile yap\u0131lacakt\u0131r. Bu ilk toplant\u0131da yeterli \u00e7o\u011funluk sa\u011flanamaz ise [&hellip;]<\/p>\n","protected":false},"author":1,"featured_media":0,"parent":0,"menu_order":0,"comment_status":"closed","ping_status":"closed","template":"","meta":{"footnotes":""},"_links":{"self":[{"href":"https:\/\/mersinkulturbalikcilari.org\/index.php?rest_route=\/wp\/v2\/pages\/733"}],"collection":[{"href":"https:\/\/mersinkulturbalikcilari.org\/index.php?rest_route=\/wp\/v2\/pages"}],"about":[{"href":"https:\/\/mersinkulturbalikcilari.org\/index.php?rest_route=\/wp\/v2\/types\/page"}],"author":[{"embeddable":true,"href":"https:\/\/mersinkulturbalikcilari.org\/index.php?rest_route=\/wp\/v2\/users\/1"}],"replies":[{"embeddable":true,"href":"https:\/\/mersinkulturbalikcilari.org\/index.php?rest_route=%2Fwp%2Fv2%2Fcomments&post=733"}],"version-history":[{"count":6,"href":"https:\/\/mersinkulturbalikcilari.org\/index.php?rest_route=\/wp\/v2\/pages\/733\/revisions"}],"predecessor-version":[{"id":749,"href":"https:\/\/mersinkulturbalikcilari.org\/index.php?rest_route=\/wp\/v2\/pages\/733\/revisions\/749"}],"wp:attachment":[{"href":"https:\/\/mersinkulturbalikcilari.org\/index.php?rest_route=%2Fwp%2Fv2%2Fmedia&parent=733"}],"curies":[{"name":"wp","href":"https:\/\/api.w.org\/{rel}","templated":true}]}}